ue
Is 241117 prime?
True
Is 37865 a prime number?
False
Is 1657 a prime number?
True
Is 5155 composite?
True
Is 198143 composite?
True
Is 42899 a composite number?
False
Is 2473 prime?
True
Is 31051 composite?
False
Is 64817 composite?
False
Is 120101 a composite number?
True
Is 34537 a composite number?
False
Is 101993 prime?
False
Is 728609 a prime number?
False
Is 2218861 composite?
False
Is 463037 composite?
True
Is 1864039 a prime number?
True
Is 2459909 composite?
False
Is 80743 a prime number?
False
Is 631 a prime number?
True
Is 445 prime?
False
Is 9813 prime?
False
Is 10037 composite?
False
Is 2861 prime?
True
Is 24159 a composite number?
True
Is 2410909 composite?
True
Is 371351 prime?
False
Is 12574 a composite number?
True
Is 9293 a composite number?
False
Is 1458283 a composite number?
False
Is 6883 a prime number?
True
Is 128717 a prime number?
True
Is 3251 a prime number?
True
Is 6449 a composite number?
False
Is 541054 composite?
True
Is 13973 prime?
False
Is 387791 a prime number?
True
Is 496123 a composite number?
False
Is 47687 composite?
True
Is 268393 prime?
False
Is 1357 a composite number?
True
Is 114407 a prime number?
True
Is 3953 a composite number?
True
Is 13619 composite?
False
Is 166589 a prime number?
False
Is 255269 a prime number?
False
Is 1388321 a composite number?
True
Is 1621 a composite number?
False
Is 8903 a prime number?
False
Is 284519 a prime number?
False
Is 3013291 a composite number?
True
Is 180617 a prime number?
True
Is 536203 a prime number?
True
Is 457891 prime?
False
Is 280265 prime?
False
Is 955769 a prime number?
True
Is 9091 a composite number?
False
Is 3907 a prime number?
True
Is 2927 prime?
True
Is 13217 composite?
False
Is 15095 a composite number?
True
Is 2899 composite?
True
Is 455527 a prime number?
True
Is 9529 a composite number?
True
Is 6638 prime?
False
Is 7162 prime?
False
Is 14059 prime?
False
Is 40055 a prime number?
False
Is 174797 composite?
True
Is 19739 a composite number?
False
Is 166841 a prime number?
True
Is 9509 composite?
True
Is 15563 prime?
False
Is 43037 prime?
True
Is 27473 composite?
True
Is 43879 a composite number?
True
Is 1015159 prime?
True
Is 19934 prime?
False
Is 18479 a prime number?
False
Is 185434 a composite number?
True
Is 141643 composite?
True
Is 13157 prime?
False
Is 63877 a prime number?
False
Is 143443 a composite number?
False
Is 10307 prime?
False
Is 72537 composite?
True
Is 247 prime?
False
Is 9677 a composite number?
False
Is 33961 prime?
True
Is 32678 a prime number?
False
Is 5581 a composite number?
False
Is 47629 a composite number?
False
Is 444089 prime?
True
Is 6143 prime?
True
Is 201 a composite number?
True
Is 78073 prime?
False
Is 6491 a composite number?
False
Is 79467 a prime number?
False
Is 245621 a composite number?
False
Is 218269 composite?
True
Is 586239 a prime number?
False
Is 791 a composite number?
True
Is 57413 a prime number?
True
Is 2333 composite?
False
Is 16741 composite?
False
Is 69163 composite?
False
Is 139099 prime?
False
Is 17965 a composite number?
True
Is 1151 composite?
False
Is 20721 a prime number?
False
Is 1439 a prime number?
True
Is 40649 composite?
True
Is 690839 composite?
False
Is 182617 a composite number?
False
Is 184259 composite?
False
Is 418151 a prime number?
False
Is 1119523 a composite number?
False
Is 33379 prime?
False
Is 211513 a prime number?
False
Is 45481 a composite number?
False
Is 11071 prime?
True
Is 13309 prime?
True
Is 545 a composite number?
True
Is 976699 a composite number?
False
Is 28687 prime?
True
Is 42899 prime?
True
Is 23054 prime?
False
Is 7985 composite?
True
Is 62963 a prime number?
False
Is 83947 a prime number?
False
Is 56977 composite?
True
Is 63901 a prime number?
True
Is 192707 prime?
False
Is 83089 a prime number?
True
Is 2469547 composite?
True
Is 877 a composite number?
False
Is 46327 prime?
True
Is 66706 composite?
True
Is 423527 a prime number?
False
Is 2489683 a prime number?
False
Is 134 composite?
True
Is 251 a prime number?
True
Is 2807011 composite?
True
Is 13799 prime?
True
Is 8513 a composite number?
False
Is 1255 a prime number?
False
Is 75967 a composite number?
False
Is 41189 composite?
False
Is 46663 prime?
True
Is 17699 a prime number?
False
Is 53855 prime?
False
Is 8579 a composite number?
True
Is 10259 a prime number?
True
Is 58103 composite?
True
Is 28387 prime?
True
Is 672614 a composite number?
True
Is 10057 a composite number?
True
Is 869327 a composite number?
True
Is 34849 composite?
False
Is 299939 prime?
False
Is 356077 a prime number?
True
Is 65083 a prime number?
False
Is 67327 a composite number?
True
Is 9371 a prime number?
True
Is 23417 composite?
False
Is 12023 composite?
True
Is 86743 a prime number?
True
Is 2019 composite?
True
Is 460721 a prime number?
True
Is 130901 prime?
False
Is 1159037 composite?
True
Is 4481 composite?
False
Is 79615 a prime number?
False
Is 27273 a prime number?
False
Is 37277 composite?
False
Is 7067 prime?
False
Is 11677 a composite number?
False
Is 1181 a composite number?
False
Is 23713 prime?
False
Is 4306 a prime number?
False
Is 284957 a composite number?
False
Is 1502 a composite number?
True
Is 3943 a prime number?
True
Is 684679 a composite number?
True
Is 17035 a composite number?
True
Is 4729 a composite number?
False
Is 1017173 composite?
False
Is 1036891 a prime number?
False
Is 16543511 a composite number?
False
Is 40701 prime?
False
Is 981079 composite?
True
Is 341863 a prime number?
True
Is 4339 prime?
True
Is 63203 composite?
True
Is 425959 prime?
True
Is 11513 a prime number?
False
Is 151907 a composite number?
True
Is 122693 composite?
False
Is 16841 prime?
False
Is 277705 prime?
False
Is 196799 prime?
True
Is 178309 a prime number?
False
Is 23719 a composite number?
False
Is 11483 composite?
False
Is 99239 a prime number?
False
Is 114137 composite?
True
Is 111697 prime?
True
Is 6541 composite?
True
Is 589091 a prime number?
False
Is 7814 a prime number?
False
Is 76031 composite?
False
Is 1872841 prime?
True
Is 6289 prime?
False
Is 48767 prime?
True
Is 121403 a prime number?
True
Is 333643 prime?
False
Is 1184569 a prime number?
False
Is 516407 a composite number?
False
Is 55267 composite?
True
Is 13859 a composite number?
False
Is 1783 composite?
False
Is 422021 a prime number?
False
Is 463093 a prime number?
True
Is 24139 prime?
False
Is 98422 composite?
True
Is 167083 prime?
False
Is 70639 a composite number?
False
Is 117163 prime?
True
Is 132103 a composite number?
False
Is 11477 prime?
False
Is 229547 a prime number?
True
Is 118387 composite?
False
Is 1419673 a composite number?
False
Is 413711 composite?
False
Is 2321 prime?
False
Is 4619 a composite number?
True
Is 12067 composite?
True
Is 1512857 composite?
False
Is 57637 a prime number?
True
Is 2001953 a prime number?
True
Is 896443 a composite number?
False
Is 765673 composite?
False
Is 25813 a composite number?
True
Is 75287 prime?
False
Is 34753 prime?
False
Is 31883 a prime number?
True
Is 40897 composite?
False
Is 76231 composite?
False
Is 83207 a composite number?
False
Is 31277 a prime number?
True
Is 12607 prime?
False
Is 120181 composite?
False
Is 20959 a prime number?
True
Is 34757 a prime number?
True
Is 7369 prime?
True
Is 62059 prime?
False
Is 697 composite?
True
Is 115057 a prime number?
True
Is 1537 a prime number?
False
Is 2154413 a composite number?
False
Is 210803 a composite number?
False
Is 2903 composite?
False
Is 51131 a prime number?
True
Is 7921 prime?
False
Is 112561 a composite number?
True
Is 13963 composite?
False
Is 25693 composite?
False
Is 28319 a prime number?
True
Is 28313 a prime number?
False
Is 21247 a composite number?
False
Is 3037 a prime number?
True
Is 1544693 a prime number?
True
Is 2437 a prime number?
True
Is 1893 composite?
True
Is 188107 a prime number?
True
Is 74069 a composite number?
True
Is 545521 a composite number?
False
Is 24901 prime?
False
Is 191 a prime number?
True
Is 4661 a prime number?
False
Is 5702 a prime number?
False
Is 142151 a composite number?
False
Is 4195 prime?
False
Is 2098 a composite number?
True
Is 77151 composite?
True
Is 900089 a composite number?
False
Is 1124509 composite?
False
Is 1221734 a composite number?
True
Is 35809 a prime number?
True
Is 16